factors of 4975787138?
2, 7, 355413367
What are the prime factors of 1970859123?
3, 14323, 15289
What are the prime factors of 456443658?
2, 3, 11, 2305271
List the prime factors of 1680982997.
1680982997
List the prime factors of 5018790.
2, 3, 5, 7, 23899
What are the prime factors of 46510988?
2, 2341, 4967
List the prime factors of 2883220050.
2, 3, 5, 211, 91097
What are the prime factors of 47983671?
3, 592391
List the prime factors of 276968101.
487, 568723
What are the prime factors of 421011159?
3, 23, 787, 7753
List the prime factors of 242321148.
2, 3, 593, 11351
What are the prime factors of 35845208?
2, 7, 47, 13619
What are the prime factors of 10371622?
2, 5185811
What are the prime factors of 50567918?
2, 149, 169691
What are the prime factors of 194710874?
2, 97355437
What are the prime factors of 1198772696?
2, 11, 23, 139, 4261
List the prime factors of 2148657319.
17, 126391607
What are the prime factors of 49937373?
3, 31, 178987
List the prime factors of 78625034.
2, 17, 179, 12919
What are the prime factors of 1056214126?
2, 11, 2357, 20369
What are the prime factors of 101212058?
2, 211, 373, 643
List the prime factors of 20114526.
2, 3, 131, 157, 163
What are the prime factors of 81677322?
2, 3, 504181
What are the prime factors of 3726421580?
2, 5, 7, 3802471
What are the prime factors of 1503523685?
5, 23, 643, 20333
What are the prime factors of 172855775?
5, 2087, 3313
List the prime factors of 912064986.
2, 3, 7, 47, 233, 661
List the prime factors of 37840780.
2, 5, 19, 99581
What are the prime factors of 10691269?
113, 94613
List the prime factors of 458005588.
2, 41, 2792717
List the prime factors of 386945590.
2, 5, 38694559
What are the prime factors of 240360720?
2, 3, 5, 157, 6379
List the prime factors of 1450766322.
2, 3, 467, 57529
What are the prime factors of 830121603?
3, 37, 7478573
What are the prime factors of 15927455?
5, 227, 14033
What are the prime factors of 487464750?
2, 3, 5, 257, 281
List the prime factors of 52500865.
5, 67, 156719
What are the prime factors of 5071040832?
2, 3, 11, 13, 191, 967
What are the prime factors of 25361025?
3, 5, 17, 19891
List the prime factors of 732815165.
5, 271, 540823
List the prime factors of 3248166324.
2, 3, 13, 233, 89363
List the prime factors of 1644482734.
2, 167, 4923601
What are the prime factors of 84709694?
2, 313, 135319
What are the prime factors of 921892936?
2, 59, 1953163
What are the prime factors of 204851451?
3, 7, 601, 16231
What are the prime factors of 3924080159?
3924080159
List the prime factors of 1741855068.
2, 3, 37, 419, 3121
What are the prime factors of 2179705299?
3, 2803, 259211
What are the prime factors of 39182585?
5, 13, 617, 977
What are the prime factors of 43216617?
3, 14405539
What are the prime factors of 903897201?
3, 29, 67, 155069
What are the prime factors of 271202917?
14591, 18587
List the prime factors of 789544410.
2, 3, 5, 263, 100069
List the prime factors of 91708037.
971, 94447
What are the prime factors of 612579469?
563, 1088063
List the prime factors of 2422526376.
2, 3, 100938599
What are the prime factors of 835775179?
53, 59, 267277
What are the prime factors of 1256634108?
2, 3, 37, 107, 2939
What are the prime factors of 477930586?
2, 7, 101, 337999
List the prime factors of 4497580859.
4497580859
List the prime factors of 1804228514.
2, 11, 23, 3565669
What are the prime factors of 2444424252?
2, 3, 19, 10721159
What are the prime factors of 10420151?
7, 19, 78347
List the prime factors of 53110316.
2, 7, 31, 8741
List the prime factors of 228033902.
2, 29, 43, 91433
What are the prime factors of 51344339?
31, 1277, 1297
List the prime factors of 89496802.
2, 19, 193, 12203
List the prime factors of 823141314.
2, 3, 101, 452773
What are the prime factors of 88539281?
17, 5208193
List the prime factors of 94317052.
2, 23579263
List the prime factors of 353419346.
2, 7, 29, 870491
What are the prime factors of 66904017?
3, 22301339
What are the prime factors of 39291753?
3, 19, 179, 3851
List the prime factors of 24367461.
3, 701, 11587
What are the prime factors of 3899186565?
3, 5, 89, 2920739
What are the prime factors of 1569116246?
2, 784558123
What are the prime factors of 72433704?
2, 3, 7, 431153
List the prime factors of 3255393773.
3255393773
List the prime factors of 2170679175.
3, 5, 7, 65629
List the prime factors of 122597142.
2, 3, 83, 173, 1423
List the prime factors of 27526167.
3, 701, 4363
List the prime factors of 291533906.
2, 145766953
What are the prime factors of 11887459?
71, 167429
List the prime factors of 3524784.
2, 3, 73433
List the prime factors of 3890827095.
3, 5, 259388473
What are the prime factors of 889952149?
27689, 32141
List the prime factors of 2241873085.
5, 131, 3422707
What are the prime factors of 366319973?
11317, 32369
What are the prime factors of 63359279?
63359279
What are the prime factors of 8299237562?
2, 7, 11, 83, 649291
List the prime factors of 2210775944.
2, 13, 21257461
What are the prime factors of 129421280?
2, 5, 31, 97, 269
What are the prime factors of 145402567?
157, 926131
List the prime factors of 1185784124.
2, 7, 41, 59, 61
What are the prime factors of 173730981?
3, 41, 1412447
List the prime factors of 547723747.
2411, 227177
What are the prime factors of 1516483514?
2, 7, 13, 8332327
What are the prime factors of 82249440?
2, 3, 5, 7, 13, 269
List the prime factors of 190344694.
2, 199, 478253
List the prime factors of 472746221.
271, 317, 5503
What are the prime factors of 75655177?
13, 659, 8831
What are the prime factors of 276302488?
2, 7, 11, 29, 15467
List the prime factors of 3117830788.
2, 53, 14706749
What are the prime factors of 118695520?
2, 5, 741847
What are the prime factors of 335256906?
2, 3, 53, 1054267
What are the prime factors of 68840484?
2, 3, 5736707
What are the prime factors of 80995541?
11, 41, 179591
List the prime factors of 888690974.
2, 23, 19319369
What are the prime factors of 8380065?
3, 5, 17, 59, 557
List the prime factors of 5193343489.
23, 53, 59, 163, 443
List the prime factors of 1999017774.
2, 3, 13, 8542811
What are the prime factors of 177393797?
7, 25341971
List the prime factors of 944389045.
5, 6719, 28111
List the prime factors of 1935911291.
1935911291
What are the prime factors of 401774970?
2, 3, 5, 97, 101, 1367
What are the prime factors of 33318189?
3, 1009, 1223
What are the prime factors of 5695160?
2, 5, 173, 823
List the prime factors of 1136657455.
5, 971, 234121
What are the prime factors of 143006292?
2, 3, 11, 13, 27779
List the prime factors of 465656150.
2, 5, 137, 67979
What are the prime factors of 17635052?
2, 17, 259339
What are the prime factors of 3946757987?
29, 136095103
What are the prime factors of 3527686350?
2, 3, 5, 409, 6389
List the prime factors of 283477230.
2, 3, 5, 3149747
List the prime factors of 6191140501.
7, 13, 68034511
List the prime factors of 2310651357.
3, 7, 29, 317, 11969
What are the prime factors of 569509364?
2, 1597, 89153
What are the prime factors of 2711369?
281, 9649
What are the prime factors of 2816194764?
2, 3, 37, 149, 42569
What are the prime factors of 188474157?
3, 20941573
What are the prime factors of 16677308?
2, 4169327
List the prime factors of 37559561.
13, 19, 152063
What are the prime factors of 67271126?
2, 13, 29, 6863
What are the prime factors of 1680402754?
2, 1741, 482597
What are the prime factors of 83612896?
2, 37, 70619
List the prime factors of 30028575.
3, 5, 400381
What are the prime factors of 698325425?
5, 7, 23, 173497
List the prime factors of 128645781.
3, 11, 37, 105361
List the prime factors of 229440957.
3, 1823, 41953
List the prime factors of 678027640.
2, 5, 47, 360653
What are the prime factors of 49187282?
2, 37, 664693
What are the prime factors of 184452552?
2, 3, 239, 397
What are the prime factors of 47427072?
2, 3, 7, 11, 401
What are the prime factors of 648109077?
3, 7, 11, 211, 13297
What are the prime factors of 766054976?
2, 43, 278363
List the prime factors of 4413023906.
2, 53, 101, 412201
List the prime factors of 772083348.
2, 3, 113, 439, 1297
List the prime factors of 3067191634.
2, 13, 23, 43, 101, 1181
List the prime factors of 88019527.
4273, 20599
What are the p